59
Calculate the highest common factor of 4526758 and 94.
94
Calculate the highest common divisor of 21844 and 148844.
508
Calculate the highest common divisor of 1387 and 104044.
19
What is the highest common divisor of 2616 and 1822092?
12
Calculate the highest common factor of 38828544 and 238.
34
What is the highest common divisor of 270 and 358640?
10
Calculate the highest common divisor of 102 and 1143924186.
102
Calculate the greatest common divisor of 106701147 and 404.
101
Calculate the highest common factor of 302562 and 117594.
18
Calculate the greatest common divisor of 388 and 320196.
4
Calculate the highest common factor of 10605389 and 1356.
113
What is the highest common divisor of 34968617 and 593?
593
What is the greatest common factor of 135683924 and 5945?
1189
What is the greatest common divisor of 600777 and 4779?
81
What is the greatest common factor of 6866745 and 15?
15
Calculate the greatest common divisor of 5228740 and 5940.
220
Calculate the highest common factor of 6956692 and 8.
4
Calculate the highest common factor of 1300414518 and 234.
234
What is the highest common divisor of 1016 and 72911716?
508
Calculate the highest common divisor of 6643 and 2346001.
511
Calculate the greatest common factor of 228 and 5438313.
57
Calculate the highest common factor of 12350648 and 868.
124
What is the highest common factor of 658896 and 155184?
2544
What is the greatest common factor of 2122306 and 127999?
4129
What is the greatest common factor of 63696 and 14017101?
3981
What is the highest common factor of 288 and 177056?
32
Calculate the greatest common divisor of 20 and 51920500.
20
Calculate the highest common factor of 918350 and 6.
2
Calculate the highest common divisor of 1446 and 78373923.
723
Calculate the greatest common factor of 29116125 and 450.
225
What is the highest common divisor of 299070800 and 7616?
1904
Calculate the highest common factor of 83070 and 170001.
117
What is the greatest common factor of 5005 and 452543?
91
Calculate the greatest common factor of 1443 and 10259067.
39
What is the greatest common factor of 353730 and 336570?
390
What is the highest common divisor of 2432 and 502094?
38
What is the greatest common factor of 3057194 and 21?
7
What is the highest common factor of 26 and 229129732?
26
Calculate the highest common divisor of 1061004 and 438.
6
What is the greatest common divisor of 456 and 23304621?
57
Calculate the highest common divisor of 702 and 21704085.
351
What is the highest common divisor of 1535 and 55995?
5
Calculate the greatest common factor of 133080979 and 233.
233
Calculate the greatest common divisor of 3641449 and 490301.
5509
What is the greatest common divisor of 333111 and 2997?
111
What is the greatest common factor of 11600 and 2141900?
100
Calculate the greatest common factor of 896156066 and 3406.
3406
What is the highest common divisor of 6816 and 586020?
12
Calculate the highest common factor of 9313 and 4490117.
139
Calculate the greatest common factor of 3983146 and 17.
1
Calculate the greatest common divisor of 9559027 and 37433.
3403
Calculate the highest common factor of 135993 and 556413.
429
Calculate the highest common factor of 72611924 and 4312.
2156
Calculate the highest common divisor of 4064 and 9952.
32
What is the highest common divisor of 2197 and 58253?
13
Calculate the highest common divisor of 217381380 and 3060.
1020
Calculate the highest common divisor of 1583 and 2073430813.
1583
Calculate the highest common divisor of 1394 and 10279033.
17
Calculate the greatest common divisor of 1957638 and 62250.
498
What is the greatest common divisor of 145600 and 3164?
28
Calculate the highest common divisor of 1335 and 419537990.
445
What is the greatest common divisor of 641177 and 20704?
647
Calculate the greatest common factor of 117 and 77310207.
117
Calculate the greatest common divisor of 223607 and 3640997.
4219
Calculate the greatest common divisor of 10168176 and 76232.
5864
Calculate the highest common factor of 1254 and 15527424.
66
Calculate the highest common factor of 11149329 and 7089.
417
What is the highest common factor of 62588220 and 1360?
340
Calculate the greatest common divisor of 932495 and 9193.
29
What is the greatest common factor of 656994 and 1365?
39
Calculate the greatest common factor of 208131 and 983059.
1309
What is the greatest common divisor of 1005517 and 725?
29
Calculate the highest common factor of 2138922 and 497493.
2979
Calculate the greatest common factor of 25606 and 8386.
14
What is the greatest common divisor of 226088 and 51448?
472
Calculate the greatest common factor of 1020 and 102945.
15
What is the greatest common divisor of 468 and 72481428?
36
Calculate the highest common divisor of 261 and 9099591.
87
Calculate the highest common factor of 3501844 and 11268.
1252
What is the greatest common factor of 391588 and 4672716?
1756
What is the greatest common divisor of 22298369 and 2348?
587
What is the greatest common factor of 280470 and 384?
6
Calculate the greatest common divisor of 2919316 and 5027.
457
What is the highest common factor of 192773903 and 217?
217
What is the greatest common divisor of 10 and 1921690?
10
What is the greatest common factor of 129016194 and 798?
114
What is the greatest common divisor of 47 and 95388662?
47
What is the highest common divisor of 391851 and 37370975?
14513
Calculate the greatest common divisor of 136670 and 515540.
1730
Calculate the greatest common divisor of 198381 and 1923627.
2229
Calculate the greatest common divisor of 212528 and 9808.
16
Calculate the greatest common divisor of 24940 and 205550492.
4988
Calculate the greatest common factor of 5023315 and 5225.
1045
What is the greatest common factor of 47711322 and 783?
783
Calculate the highest common factor of 482 and 30455893.
241
Calculate the highest common factor of 26015 and 239080215.
2365
Calculate the highest common factor of 21556904 and 384.
8
What is the highest common factor of 17301 and 18590472?
219
What is the greatest common factor of 3078 and 748602?
162
What is the highest common factor of 1373526 and 96127?
991
Calculate the greatest common divisor of 3077865598 and 706.
706
Calculate the highest common divisor of 19347367 and 455.
13
What is the highest common divisor of 74558370 and 30?
30
Calculate the highest common factor of 223386720 and 1720.
1720
What is the greatest common divisor of 1190 and 18481414?
238
What is the highest common factor of 12065 and 28934029?
127
What is the greatest common factor of 14153350 and 5950?
850
Calculate the highest common divisor of 850 and 5512488.
34
What is the greatest common factor of 5715 and 649575?
45
What is the highest common factor of 17538 and 5626146?
222
Calculate the greatest common divisor of 9480 and 27186981.
237
What is the highest common factor of 30686 and 787518?
134
What is the greatest common factor of 46050 and 34950?
150
What is the highest common factor of 1523 and 333433?
1
What is the highest common factor of 120100 and 13658973?
1201
Calculate the highest common factor of 1404428780 and 1385.
1385
Calculate the greatest common factor of 10216 and 242.
2
Calculate the greatest common factor of 606 and 6029083698.
606
Calculate the highest common factor of 4862 and 4424794.
374
Calculate the greatest common divisor of 13 and 38557.
1
What is the greatest common divisor of 114 and 61602?
6
Calculate the highest common factor of 7005 and 1910280.
15
What is the greatest common factor of 50020 and 182146?
122
Calculate the highest common factor of 56788 and 142.
2
What is the highest common divisor of 4686958 and 5681?
19
Calculate the highest common divisor of 19296721 and 111.
37
Calculate the highest common factor of 43026 and 7575.
303
Calculate the highest common factor of 489426 and 40033.
301
Calculate the highest common divisor of 572133933 and 63.
63
What is the highest common divisor of 74 and 614712487?
37
What is the greatest common factor of 26962 and 46852?
442
What is the highest common factor of 99 and 1326980325?
33
What is the greatest common divisor of 3077 and 1639679?
181
Calculate the greatest common factor of 27364140 and 720.
180
What is the greatest common factor o